 prime factors of 4462.
2, 23, 97
What are the prime factors of 2269?
2269
What are the prime factors of 1543?
1543
List the prime factors of 19241.
71, 271
List the prime factors of 165326.
2, 7, 241
What are the prime factors of 201?
3, 67
List the prime factors of 9009.
3, 7, 11, 13
List the prime factors of 28.
2, 7
What are the prime factors of 3524?
2, 881
List the prime factors of 78.
2, 3, 13
What are the prime factors of 18503?
18503
List the prime factors of 6787.
11, 617
What are the prime factors of 1748?
2, 19, 23
List the prime factors of 1795.
5, 359
What are the prime factors of 82284?
2, 3, 6857
List the prime factors of 1227.
3, 409
List the prime factors of 86342.
2, 23, 1877
List the prime factors of 110149.
13, 37, 229
List the prime factors of 616.
2, 7, 11
What are the prime factors of 171199?
7, 37, 661
List the prime factors of 91858.
2, 13, 3533
List the prime factors of 1239.
3, 7, 59
List the prime factors of 130983.
3, 43661
What are the prime factors of 3575?
5, 11, 13
What are the prime factors of 13225?
5, 23
List the prime factors of 16720.
2, 5, 11, 19
What are the prime factors of 3617?
3617
What are the prime factors of 9989?
7, 1427
What are the prime factors of 2093?
7, 13, 23
What are the prime factors of 19672?
2, 2459
List the prime factors of 238.
2, 7, 17
What are the prime factors of 6767?
67, 101
What are the prime factors of 51796?
2, 23, 563
List the prime factors of 17108.
2, 7, 13, 47
List the prime factors of 10895.
5, 2179
What are the prime factors of 50983?
17, 2999
What are the prime factors of 46295?
5, 47, 197
List the prime factors of 4998.
2, 3, 7, 17
What are the prime factors of 2271?
3, 757
What are the prime factors of 11231?
11, 1021
List the prime factors of 1934.
2, 967
List the prime factors of 63123.
3, 53, 397
List the prime factors of 4475.
5, 179
What are the prime factors of 632?
2, 79
List the prime factors of 14984.
2, 1873
List the prime factors of 191245.
5, 23, 1663
What are the prime factors of 74637?
3, 8293
What are the prime factors of 3357?
3, 373
List the prime factors of 23732.
2, 17, 349
List the prime factors of 73499.
67, 1097
List the prime factors of 11215.
5, 2243
List the prime factors of 4163.
23, 181
What are the prime factors of 170062?
2, 23, 3697
What are the prime factors of 4386?
2, 3, 17, 43
What are the prime factors of 2998?
2, 1499
What are the prime factors of 754?
2, 13, 29
What are the prime factors of 12239?
12239
List the prime factors of 12533.
83, 151
List the prime factors of 28218.
2, 3, 4703
List the prime factors of 32120.
2, 5, 11, 73
What are the prime factors of 780?
2, 3, 5, 13
What are the prime factors of 9919?
7, 13, 109
List the prime factors of 447.
3, 149
List the prime factors of 6371.
23, 277
List the prime factors of 1130.
2, 5, 113
What are the prime factors of 5165?
5, 1033
List the prime factors of 151092.
2, 3, 1399
List the prime factors of 1746.
2, 3, 97
What are the prime factors of 3700?
2, 5, 37
List the prime factors of 8724.
2, 3, 727
List the prime factors of 3702.
2, 3, 617
List the prime factors of 316.
2, 79
List the prime factors of 3237.
3, 13, 83
What are the prime factors of 1318?
2, 659
List the prime factors of 1298.
2, 11, 59
What are the prime factors of 1940?
2, 5, 97
List the prime factors of 36861.
3, 11, 1117
What are the prime factors of 41?
41
List the prime factors of 1108.
2, 277
List the prime factors of 28239.
3, 9413
What are the prime factors of 41376?
2, 3, 431
List the prime factors of 2134.
2, 11, 97
List the prime factors of 458.
2, 229
What are the prime factors of 6229?
6229
List the prime factors of 17298.
2, 3, 31
What are the prime factors of 9200?
2, 5, 23
List the prime factors of 28112.
2, 7, 251
List the prime factors of 6949.
6949
What are the prime factors of 4355?
5, 13, 67
What are the prime factors of 69804?
2, 3, 7, 277
What are the prime factors of 22410?
2, 3, 5, 83
What are the prime factors of 29108?
2, 19, 383
List the prime factors of 5385.
3, 5, 359
What are the prime factors of 214?
2, 107
What are the prime factors of 1086?
2, 3, 181
List the prime factors of 3058.
2, 11, 139
List the prime factors of 2702.
2, 7, 193
What are the prime factors of 1055?
5, 211
What are the prime factors of 56820?
2, 3, 5, 947
List the prime factors of 935.
5, 11, 17
List the prime factors of 13653.
3, 37, 41
List the prime factors of 854.
2, 7, 61
What are the prime factors of 4766?
2, 2383
What are the prime factors of 919?
919
List the prime factors of 10223.
10223
What are the prime factors of 9784?
2, 1223
List the prime factors of 1523.
1523
What are the prime factors of 108801?
3, 7, 11, 157
List the prime factors of 13258.
2, 7, 947
List the prime factors of 58644.
2, 3, 181
What are the prime factors of 13867?
7, 283
List the prime factors of 25744.
2, 1609
List the prime factors of 41811.
3, 7, 11, 181
List the prime factors of 124705.
5, 7, 509
What are the prime factors of 6453?
3, 239
List the prime factors of 709.
709
What are the prime factors of 2066?
2, 1033
What are the prime factors of 50676?
2, 3, 41, 103
List the prime factors of 1053.
3, 13
List the prime factors of 145.
5, 29
List the prime factors of 38776.
2, 37, 131
What are the prime factors of 65?
5, 13
List the prime factors of 6979.
7, 997
What are the prime factors of 9890?
2, 5, 23, 43
List the prime factors of 2819.
2819
What are the prime factors of 20775?
3, 5, 277
List the prime factors of 2319.
3, 773
List the prime factors of 977.
977
What are the prime factors of 137680?
2, 5, 1721
List the prime factors of 1768.
2, 13, 17
List the prime factors of 15540.
2, 3, 5, 7, 37
What are the prime factors of 3905?
5, 11, 71
What are the prime factors of 2011?
2011
List the prime factors of 96854.
2, 79, 613
What are the prime factors of 40581?
3, 167
List the prime factors of 2027.
2027
What are the prime factors of 12898?
2, 6449
What are the prime factors of 620?
2, 5, 31
What are the prime factors of 59661?
3, 7, 947
List the prime factors of 2621.
2621
List the prime factors of 8942.
2, 17, 263
What are the prime factors of 7343?
7, 1049
What are the prime factors of 34812?
2, 3, 967
List the prime factors of 137048.
2, 37, 463
What are the prime factors of 3569?
43, 83
List the prime factors of 75400.
2, 5, 13, 29
List the prime factors of 84541.
17, 4973
List the prime factors of 11538.
2, 3, 641
What are the prime factors of 1007?
19, 53
What are the prime factors of 2810?
2, 5, 281
What are the prime factors of 10808?
2, 7, 193
List the prime factors of 11203.
17, 659
List the prime factors of 125.
5
List the prime factors of 3818.
2, 23, 83
List the prime factors of 1244.
2, 311
What are the prime factors of 2076?
2, 3, 173
List the prime factors of 7092.
2, 3, 197
What are the prime factors of 679?
7, 97
What are the prime factors of 42286?
2, 21143
What are the prime factors of 32332?
2, 59, 137
List the prime factors of 56374.
2, 71, 397
What are the prime factors of 29301?
3, 9767
List the prime factors of 922.
2, 461
What are the prime factors of 6683?
41, 163
What are the prime factors of 9183?
3, 3061
What are the prime factors of 17046?
2, 3, 947
What are the prime factors of 137759?
347, 397
List the prime factors of 19790.
2, 5, 1979
List the prime factors of 6619.
6619
What are the prime factors of 66822?
2, 3, 7, 37, 43
What are the prime factors of 6623?
37, 179
List the prime factors of 13100.
2, 5, 131
What are the prime factors of 606?
2, 3, 101
List the prime factors of 1325.
5, 53
List the prime factors of 87219.
3, 11, 881
What are the prime factors of 1068?
2, 3, 89
What are the prime factors of 1607?
1607
What are the prime factors of 169445?
5, 33889
List the prime factors of 918.
2, 3, 17
What are the prime factors of 211?
211
List the prime factors of 3912.
2, 3, 163
List the prime factors of 25901.
59, 439
List the prime factors of 20399.
20399
What are the prime factors of 1153?
1153
What are the prime factors of 26437?
26437
What are the prime factors of 2517?
3, 839
What are the prime factors of 6928?
2, 433
List the prime factors of 15031.
15031
List the prime factors of 7069.
7069
What are the prime factors of 12992?
2, 7, 29
What are the prime factors of